{"id":52,"date":"2014-05-22T10:23:57","date_gmt":"2014-05-22T08:23:57","guid":{"rendered":"http:\/\/www.stadtkapelle-rain.de\/_preview\/?page_id=52"},"modified":"2014-07-07T22:22:04","modified_gmt":"2014-07-07T20:22:04","slug":"verein","status":"publish","type":"page","link":"https:\/\/www.stadtkapelle-rain.de\/_preview\/?page_id=52","title":{"rendered":"Verein"},"content":{"rendered":"<p style=\"text-align: justify;\">Die Stadtkapelle Rain e.V. freut sich als gemeinn\u00fctzig anerkannter Verein auch \u00fcber jedes neue f\u00f6rdernde Mitglied.<\/p>\n<p style=\"text-align: justify;\">Wenn Ihnen der Verein und die F\u00f6rderung der Blasmusik in Rain am Herzen liegt, werden sie Mitglied. Einfach die Beitrittserkl\u00e4rung ausf\u00fcllen und an ein Mitglied der Vorstandschaft weiterreichen oder zur\u00fccksenden.<\/p>\n<p><a href=\"https:\/\/www.stadtkapelle-rain.de\/_preview\/wp-content\/uploads\/2014\/06\/Einzugserm\u00e4chtigung.pdf\">Beitrittserkl\u00e4rung<\/a><\/p>\n","protected":false},"excerpt":{"rendered":"<p>Die Stadtkapelle Rain e.V. freut sich als gemeinn\u00fctzig anerkannter Verein auch \u00fcber jedes neue f\u00f6rdernde Mitglied. Wenn Ihnen der Verein und die F\u00f6rderung der Blasmusik in Rain am Herzen liegt, werden sie Mitglied. Einfach die Beitrittserkl\u00e4rung ausf\u00fcllen und an ein &hellip; <a href=\"https:\/\/www.stadtkapelle-rain.de\/_preview\/?page_id=52\">Weiterlesen <span class=\"meta-nav\">&rarr;<\/span><\/a><\/p>\n","protected":false},"author":1,"featured_media":0,"parent":0,"menu_order":4,"comment_status":"closed","ping_status":"closed","template":"","meta":{"footnotes":""},"class_list":["post-52","page","type-page","status-publish","hentry"],"_links":{"self":[{"href":"https:\/\/www.stadtkapelle-rain.de\/_preview\/index.php?rest_route=\/wp\/v2\/pages\/52","targetHints":{"allow":["GET"]}}],"collection":[{"href":"https:\/\/www.stadtkapelle-rain.de\/_preview\/index.php?rest_route=\/wp\/v2\/pages"}],"about":[{"href":"https:\/\/www.stadtkapelle-rain.de\/_preview\/index.php?rest_route=\/wp\/v2\/types\/page"}],"author":[{"embeddable":true,"href":"https:\/\/www.stadtkapelle-rain.de\/_preview\/index.php?rest_route=\/wp\/v2\/users\/1"}],"replies":[{"embeddable":true,"href":"https:\/\/www.stadtkapelle-rain.de\/_preview\/index.php?rest_route=%2Fwp%2Fv2%2Fcomments&post=52"}],"version-history":[{"count":7,"href":"https:\/\/www.stadtkapelle-rain.de\/_preview\/index.php?rest_route=\/wp\/v2\/pages\/52\/revisions"}],"predecessor-version":[{"id":375,"href":"https:\/\/www.stadtkapelle-rain.de\/_preview\/index.php?rest_route=\/wp\/v2\/pages\/52\/revisions\/375"}],"wp:attachment":[{"href":"https:\/\/www.stadtkapelle-rain.de\/_preview\/index.php?rest_route=%2Fwp%2Fv2%2Fmedia&parent=52"}],"curies":[{"name":"wp","href":"https:\/\/api.w.org\/{rel}","templated":true}]}}