{"id":50,"date":"2014-05-22T10:17:32","date_gmt":"2014-05-22T08:17:32","guid":{"rendered":"http:\/\/www.stadtkapelle-rain.de\/_preview\/?page_id=50"},"modified":"2022-07-02T12:45:50","modified_gmt":"2022-07-02T10:45:50","slug":"vorstufenensemble","status":"publish","type":"page","link":"https:\/\/www.stadtkapelle-rain.de\/_preview\/?page_id=50","title":{"rendered":"Vorstufenensemble"},"content":{"rendered":"<p style=\"text-align: justify;\">Im Vorstufenensemble der Stadtkapelle haben Nachwuchsmusiker die M\u00f6glichkeit Erfahrungen beim gemeinsamen Musizieren zu sammeln. Au\u00dferdem sollen der Spa\u00df und die Begeisterung f\u00fcr die Blasmusik geweckt werden.<\/p>\n<p><a href=\"https:\/\/www.stadtkapelle-rain.de\/_preview\/wp-content\/uploads\/2022\/07\/IMG_0688-Kopie-1.jpg\"><img loading=\"lazy\" decoding=\"async\" class=\"wp-image-1049 aligncenter\" src=\"https:\/\/www.stadtkapelle-rain.de\/_preview\/wp-content\/uploads\/2022\/07\/IMG_0688-Kopie-1-300x148.jpg\" alt=\"\" width=\"430\" height=\"219\" \/><\/a><\/p>\n<h4>Auf das Bild klicken zum Vergr\u00f6\u00dfern.<\/h4>\n","protected":false},"excerpt":{"rendered":"<p>Im Vorstufenensemble der Stadtkapelle haben Nachwuchsmusiker die M\u00f6glichkeit Erfahrungen beim gemeinsamen Musizieren zu sammeln. Au\u00dferdem sollen der Spa\u00df und die Begeisterung f\u00fcr die Blasmusik geweckt werden. Auf das Bild klicken zum Vergr\u00f6\u00dfern.<\/p>\n","protected":false},"author":1,"featured_media":0,"parent":41,"menu_order":4,"comment_status":"closed","ping_status":"closed","template":"","meta":{"footnotes":""},"class_list":["post-50","page","type-page","status-publish","hentry"],"_links":{"self":[{"href":"https:\/\/www.stadtkapelle-rain.de\/_preview\/index.php?rest_route=\/wp\/v2\/pages\/50","targetHints":{"allow":["GET"]}}],"collection":[{"href":"https:\/\/www.stadtkapelle-rain.de\/_preview\/index.php?rest_route=\/wp\/v2\/pages"}],"about":[{"href":"https:\/\/www.stadtkapelle-rain.de\/_preview\/index.php?rest_route=\/wp\/v2\/types\/page"}],"author":[{"embeddable":true,"href":"https:\/\/www.stadtkapelle-rain.de\/_preview\/index.php?rest_route=\/wp\/v2\/users\/1"}],"replies":[{"embeddable":true,"href":"https:\/\/www.stadtkapelle-rain.de\/_preview\/index.php?rest_route=%2Fwp%2Fv2%2Fcomments&post=50"}],"version-history":[{"count":10,"href":"https:\/\/www.stadtkapelle-rain.de\/_preview\/index.php?rest_route=\/wp\/v2\/pages\/50\/revisions"}],"predecessor-version":[{"id":1054,"href":"https:\/\/www.stadtkapelle-rain.de\/_preview\/index.php?rest_route=\/wp\/v2\/pages\/50\/revisions\/1054"}],"up":[{"embeddable":true,"href":"https:\/\/www.stadtkapelle-rain.de\/_preview\/index.php?rest_route=\/wp\/v2\/pages\/41"}],"wp:attachment":[{"href":"https:\/\/www.stadtkapelle-rain.de\/_preview\/index.php?rest_route=%2Fwp%2Fv2%2Fmedia&parent=50"}],"curies":[{"name":"wp","href":"https:\/\/api.w.org\/{rel}","templated":true}]}}