{"id":43,"date":"2014-05-22T10:14:35","date_gmt":"2014-05-22T08:14:35","guid":{"rendered":"http:\/\/www.stadtkapelle-rain.de\/_preview\/?page_id=43"},"modified":"2016-03-07T09:56:52","modified_gmt":"2016-03-07T07:56:52","slug":"dirigent","status":"publish","type":"page","link":"https:\/\/www.stadtkapelle-rain.de\/_preview\/?page_id=43","title":{"rendered":"Dirigent der Stadtkapelle Rain"},"content":{"rendered":"<p>&nbsp;<\/p>\n<h2><strong>Andreas Nagl<\/strong><\/h2>\n<p><img loading=\"lazy\" decoding=\"async\" class=\"alignright wp-image-390\" src=\"https:\/\/www.stadtkapelle-rain.de\/_preview\/wp-content\/uploads\/2014\/05\/Andreas-Nagl-1024x762.jpg\" alt=\"Andreas Nagl\" width=\"295\" height=\"222\" \/><\/p>\n<p>ist Dirigent der Stadtkapelle Rain, Leiter\u00a0der St\u00e4dtischen Musikschule Rain, Musiklehrer am Theodor-Heuss-Gymnasium N\u00f6rdlingen und Lehrbeauftragter f\u00fcr das Fach Posaune an der Katholischen Universit\u00e4t Eichst\u00e4tt.<\/p>\n<p>Nach Studien an der Berufsfachschule f\u00fcr Musik des Bezirks Schwaben in Krumbach und am Leopold-Mozart-Konservatorium der Stadt Augsburg schloss sich ein Studium an der \u201eStaatlichen Hochschule f\u00fcr Musik und Darstellende Kunst\u201c in Stuttgart an. In den Jahren 1998 bis 2002 erhielt er bei Sieglinde Damisch-Kusterer zus\u00e4tzlich eine Gesangsausbildung. 2009 bis 2013 absolvierte er schlie\u00dflich ein Studium f\u00fcr Dirigieren und Orchesterleitung an der \u201eZ\u00fcrcher Hochschule der K\u00fcnste\u201c in Z\u00fcrich, welches er \u201emit Auszeichnung\u201c abschloss.<\/p>\n<p>Neben seiner umfangreichen dirigentischen T\u00e4tigkeit wirkt er als Posaunist in verschieden wechselnden Formationen aller Genres mit. Andreas Nagl ist ein gern gesehener Dozent f\u00fcr Orchesterarbeit sowie Juror bei verschiedenen Musikwettbewerben.<\/p>\n","protected":false},"excerpt":{"rendered":"<p>&nbsp; Andreas Nagl ist Dirigent der Stadtkapelle Rain, Leiter\u00a0der St\u00e4dtischen Musikschule Rain, Musiklehrer am Theodor-Heuss-Gymnasium N\u00f6rdlingen und Lehrbeauftragter f\u00fcr das Fach Posaune an der Katholischen Universit\u00e4t Eichst\u00e4tt. Nach Studien an der Berufsfachschule f\u00fcr Musik des Bezirks Schwaben in Krumbach und &hellip; <a href=\"https:\/\/www.stadtkapelle-rain.de\/_preview\/?page_id=43\">Weiterlesen <span class=\"meta-nav\">&rarr;<\/span><\/a><\/p>\n","protected":false},"author":1,"featured_media":0,"parent":41,"menu_order":1,"comment_status":"closed","ping_status":"closed","template":"","meta":{"footnotes":""},"class_list":["post-43","page","type-page","status-publish","hentry"],"_links":{"self":[{"href":"https:\/\/www.stadtkapelle-rain.de\/_preview\/index.php?rest_route=\/wp\/v2\/pages\/43","targetHints":{"allow":["GET"]}}],"collection":[{"href":"https:\/\/www.stadtkapelle-rain.de\/_preview\/index.php?rest_route=\/wp\/v2\/pages"}],"about":[{"href":"https:\/\/www.stadtkapelle-rain.de\/_preview\/index.php?rest_route=\/wp\/v2\/types\/page"}],"author":[{"embeddable":true,"href":"https:\/\/www.stadtkapelle-rain.de\/_preview\/index.php?rest_route=\/wp\/v2\/users\/1"}],"replies":[{"embeddable":true,"href":"https:\/\/www.stadtkapelle-rain.de\/_preview\/index.php?rest_route=%2Fwp%2Fv2%2Fcomments&post=43"}],"version-history":[{"count":17,"href":"https:\/\/www.stadtkapelle-rain.de\/_preview\/index.php?rest_route=\/wp\/v2\/pages\/43\/revisions"}],"predecessor-version":[{"id":550,"href":"https:\/\/www.stadtkapelle-rain.de\/_preview\/index.php?rest_route=\/wp\/v2\/pages\/43\/revisions\/550"}],"up":[{"embeddable":true,"href":"https:\/\/www.stadtkapelle-rain.de\/_preview\/index.php?rest_route=\/wp\/v2\/pages\/41"}],"wp:attachment":[{"href":"https:\/\/www.stadtkapelle-rain.de\/_preview\/index.php?rest_route=%2Fwp%2Fv2%2Fmedia&parent=43"}],"curies":[{"name":"wp","href":"https:\/\/api.w.org\/{rel}","templated":true}]}}